{"id":5184,"date":"2025-09-16T09:41:47","date_gmt":"2025-09-16T07:41:47","guid":{"rendered":"https:\/\/www.mjcmontchat.org\/2122\/?page_id=5184"},"modified":"2026-01-09T13:32:41","modified_gmt":"2026-01-09T12:32:41","slug":"animations-et-evenements","status":"publish","type":"page","link":"https:\/\/www.mjcmontchat.org\/2122\/animations-et-evenements\/","title":{"rendered":"Animations et \u00e9v\u00e9nements"},"content":{"rendered":"\t\t<div data-elementor-type=\"wp-page\" data-elementor-id=\"5184\" data-post-id=\"5184\" data-obj-id=\"5184\" class=\"elementor elementor-5184 dce-elementor-post-5184\">\n\t\t\t\t\t\t<div class=\"elementor-inner\">\n\t\t\t\t<div class=\"elementor-section-wrap\">\n\t\t\t\t\t\t\t\t\t<section data-dce-background-color=\"#FFFFFF\" class=\"elementor-section elementor-top-section elementor-element elementor-element-34569cf elementor-section-boxed elementor-section-height-default elementor-section-height-default\" data-id=\"34569cf\" data-element_type=\"section\" data-settings=\"{&quot;background_background&quot;:&quot;classic&quot;}\">\n\t\t\t\t\t\t<div class=\"elementor-container elementor-column-gap-default\">\n\t\t\t\t\t\t\t<div class=\"elementor-row\">\n\t\t\t\t\t<div class=\"elementor-column elementor-col-100 elementor-top-column elementor-element elementor-element-57fdeae\" data-id=\"57fdeae\" data-element_type=\"column\">\n\t\t\t<div class=\"elementor-column-wrap elementor-element-populated\">\n\t\t\t\t\t\t\t<div class=\"elementor-widget-wrap\">\n\t\t\t\t\t\t<div class=\"elementor-element elementor-element-a6cddba elementor-widget elementor-widget-text-editor\" data-id=\"a6cddba\" data-element_type=\"widget\" data-widget_type=\"text-editor.default\">\n\t\t\t\t<div class=\"elementor-widget-container\">\n\t\t\t\t\t\t\t\t<div class=\"elementor-text-editor elementor-clearfix\">\n\t\t\t\t<h1>Animations et \u00e9v\u00e9nements<\/h1>\t\t\t\t\t<\/div>\n\t\t\t\t\t\t<\/div>\n\t\t\t\t<\/div>\n\t\t\t\t<section class=\"elementor-section elementor-inner-section elementor-element elementor-element-c25321b elementor-section-boxed elementor-section-height-default elementor-section-height-default\" data-id=\"c25321b\" data-element_type=\"section\">\n\t\t\t\t\t\t<div class=\"elementor-container elementor-column-gap-default\">\n\t\t\t\t\t\t\t<div class=\"elementor-row\">\n\t\t\t\t\t<div class=\"elementor-column elementor-col-50 elementor-inner-column elementor-element elementor-element-003cd0e\" data-id=\"003cd0e\" data-element_type=\"column\">\n\t\t\t<div class=\"elementor-column-wrap elementor-element-populated\">\n\t\t\t\t\t\t\t<div class=\"elementor-widget-wrap\">\n\t\t\t\t\t\t<div class=\"elementor-element elementor-element-5605cba elementor-widget elementor-widget-text-editor\" data-id=\"5605cba\" data-element_type=\"widget\" data-widget_type=\"text-editor.default\">\n\t\t\t\t<div class=\"elementor-widget-container\">\n\t\t\t\t\t\t\t\t<div class=\"elementor-text-editor elementor-clearfix\">\n\t\t\t\t<p><b>L\u2019Entre-Deux<br \/><\/b>La salle polyvalente de la MJC, aussi appel\u00e9e L\u2019Entre-Deux, est un espace de convivialit\u00e9 ouvert \u00e0 tous\u00b7tes, tout au long de la semaine. Pour attendre quelqu\u2019un ou une activit\u00e9, discuter avec des ami\u00b7es ou membres de son groupe d\u2019activit\u00e9, lire un magazine (\u00e0 disposition), voir une expo d\u2019un\u00b7e artiste local\u00b7e (p.6), boire une boisson chaude ou fraiche ou m\u00eame travailler (wi-fi public gratuit).<\/p><p><strong>Les After du Jeudi (19h-23h) &#8211; Gratuit<br \/>16 oct. \/ 13 nov. \/ 18 d\u00e9c. \/ 22 jan. \/ 26 f\u00e9v. \/ 19 mars \/ 28 mai \/ 18 juin 26<\/strong><\/p><p>Un jeudi par mois, la Maison ouvre ses portes aux habitant\u00b7es du quartier, qu\u2019ils soient adh\u00e9rent\u00b7es ou non. Des animations conviviales vous attendent lors de ces soir\u00e9es\u00a0 gratuites : karaok\u00e9, blind-test, quizz, tournoi de jeux-vid\u00e9os, bal ou encore sc\u00e8nes ouvertes se croiseront avec diverses expositions (Halloween et Pop Culture). Chaque soir\u00e9e sera compl\u00e9t\u00e9e par une proposition de jeux.<\/p><p><strong>Prochaine date : Jeudi 22 janvier :\u00a0 <span class=\"a_GcMg font-feature-liga-off font-feature-clig-off font-feature-calt-off text-decoration-none text-strikethrough-none\">jeux vid\u00e9os et tournoi de Tricky Towers<\/span><\/strong><\/p><p>\u00a0\u2022 19h-23h \u2022 \u00c0 la MJC<\/p><p class=\"cvGsUA direction-ltr align-start para-style-body\"><span class=\"a_GcMg font-feature-liga-off font-feature-clig-off font-feature-calt-off text-decoration-none text-strikethrough-none\"><strong>De 20h \u00e0 21h30 :<\/strong> Tournoi Tricky towers<\/span><\/p><p class=\"cvGsUA direction-ltr align-start para-style-body\"><span class=\"a_GcMg font-feature-liga-off font-feature-clig-off font-feature-calt-off text-decoration-none text-strikethrough-none\"><strong>Toute la soir\u00e9e<\/strong>, du jeu vid\u00e9o \u00e0 gogo, en acc\u00e8s libre, avec plusieurs consoles de diff\u00e9rentes \u00e9poques, une grande diversit\u00e9 de jeux, \u00e0 essayer seul.e ou \u00e0 plusieurs\u2026 Il y en aura pour tous les go\u00fbts ! <\/span>Jeux de soci\u00e9t\u00e9 en libre acc\u00e8s et bar associatif ouvert\u00a0<\/p><p><em>Les &#8211; de 16 ans doivent \u00eatre accompagn\u00e9s<\/em><\/p><p><strong>Soir\u00e9es jeux \u00e0 l\u2019Entre-Deux &#8211; Gratuit<\/strong><br \/><strong>04 septembre \/ 02 octobre \/ 06 novembre \/ 04 d\u00e9cembre \/ 08 janvier \/ 05 f\u00e9vrier \/ 05 mars \/ 02 avril \/ 07 mai \/ 04 juin \/ 02 juillet<\/strong><\/p><p>Le jeu s\u2019invite les 1ers jeudis de chaque mois de 19h \u00e0 23h (sauf exception) \u00e0 L\u2019Entre-Deux pour vous permettre de d\u00e9couvrir nos belles s\u00e9lections de jeux. <br \/>Pour connaitre les jeux mis en avant sur chaque soir\u00e9e, suivez-nous sur Instagram !<br \/><em>Les mineurs de moins de 16 ans doivent \u00eatre accompagn\u00e9\u00b7es<\/em><\/p><p><em>\u00a0<\/em><\/p>\t\t\t\t\t<\/div>\n\t\t\t\t\t\t<\/div>\n\t\t\t\t<\/div>\n\t\t\t\t\t\t<\/div>\n\t\t\t\t\t<\/div>\n\t\t<\/div>\n\t\t\t\t<div class=\"elementor-column elementor-col-50 elementor-inner-column elementor-element elementor-element-db6ff55\" data-id=\"db6ff55\" data-element_type=\"column\">\n\t\t\t<div class=\"elementor-column-wrap elementor-element-populated\">\n\t\t\t\t\t\t\t<div class=\"elementor-widget-wrap\">\n\t\t\t\t\t\t<div class=\"elementor-element elementor-element-ae9e7d8 elementor-widget elementor-widget-text-editor\" data-id=\"ae9e7d8\" data-element_type=\"widget\" data-widget_type=\"text-editor.default\">\n\t\t\t\t<div class=\"elementor-widget-container\">\n\t\t\t\t\t\t\t\t<div class=\"elementor-text-editor elementor-clearfix\">\n\t\t\t\t<p><strong>Gratiferia \u00e9cologique et solidaire<\/strong><br \/><strong>Mercredi 10 d\u00e9cembre \u2013 De 10h \u00e0 12h &amp; de 14h30 \u00e0 18h<\/strong><br \/>Cr\u00e9er, r\u00e9parer, s\u2019amuser, r\u00e9utiliser, d\u00e9couvrir, \u00e9changer\u2026 Venez r\u00e9inventer les f\u00eates en famille !<\/p><p>\u00b7 \u00c0 \u00e9changer en bon \u00e9tat : jeux &amp; jouets \u2013 d\u00e9co \u2013 mat\u00e9riel de cuisine<br \/>Vous souhaitez donner quelque chose qui n\u2019est pas dans la liste ? Tournez vous vers <a href=\"https:\/\/docs.google.com\/spreadsheets\/d\/1K4qMSDn80TtYegyKBpD_fYT7ugDAuNOz4VailbWvYHU\/edit?gid=0#gid=0\">ces associations<\/a><\/p><p>\u00b7 Deux ateliers cr\u00e9ation gratuits : d\u00e9corations de f\u00eates et cadeaux faits main<\/p><p>\u00b7 Collecte solidaire au profit d\u2019Alynea Samu social 69 : mat\u00e9riel de pu\u00e9riculture \u2013 produits d\u2019hygi\u00e8ne et cosm\u00e9tiques. <a href=\"https:\/\/www.mjcmontchat.org\/2122\/wp-content\/uploads\/2025\/11\/fiche-Alynea.pdf\">en savoir +<\/a><\/p><p>\u00a0<\/p><p><strong>Le Printemps du jeu\u00a0<\/strong><br \/><strong>Samedi 25 avril 2026 <\/strong><br \/>Pendant ce festival, toute la MJC devient un terrain de jeu pour tous les \u00e2ges !<\/p><p><strong>Le Festival de la MJC<\/strong><br \/><strong>Du 8 au 20 juin 2026<\/strong><br \/>Le festival sera l\u2019occasion de mettre en valeur ce qui aura \u00e9t\u00e9 fait durant la saison par les adh\u00e9rent\u00b7es : des activit\u00e9s (spectacles, expos, d\u00e9mos), des accueils de loisirs peri et extra-scolaires, des ateliers jeunesse, etc&#8230;<br \/>Une grande f\u00eate cl\u00f4turera la saison pour se retrouver tous ensemble !<\/p>\t\t\t\t\t<\/div>\n\t\t\t\t\t\t<\/div>\n\t\t\t\t<\/div>\n\t\t\t\t\t\t<\/div>\n\t\t\t\t\t<\/div>\n\t\t<\/div>\n\t\t\t\t\t\t\t\t<\/div>\n\t\t\t\t\t<\/div>\n\t\t<\/section>\n\t\t\t\t\t\t<\/div>\n\t\t\t\t\t<\/div>\n\t\t<\/div>\n\t\t\t\t\t\t\t\t<\/div>\n\t\t\t\t\t<\/div>\n\t\t<\/section>\n\t\t\t\t\t\t\t\t\t<\/div>\n\t\t\t<\/div>\n\t\t\t\t\t<\/div>\n\t\t","protected":false},"excerpt":{"rendered":"<p>Animations et \u00e9v\u00e9nements L\u2019Entre-DeuxLa salle polyvalente de la MJC, aussi appel\u00e9e L\u2019Entre-Deux, est un espace de convivialit\u00e9 ouvert \u00e0 tous\u00b7tes, tout au long de la semaine. Pour attendre quelqu\u2019un ou une activit\u00e9, discuter avec des ami\u00b7es ou membres de son groupe d\u2019activit\u00e9, lire un magazine (\u00e0 disposition), voir une expo d\u2019un\u00b7e artiste local\u00b7e (p.6), boire [&hellip;]<\/p>\n","protected":false},"author":8,"featured_media":0,"parent":0,"menu_order":0,"comment_status":"closed","ping_status":"closed","template":"elementor_theme","meta":{"footnotes":""},"class_list":["post-5184","page","type-page","status-publish","hentry"],"acf":[],"_links":{"self":[{"href":"https:\/\/www.mjcmontchat.org\/2122\/wp-json\/wp\/v2\/pages\/5184","targetHints":{"allow":["GET"]}}],"collection":[{"href":"https:\/\/www.mjcmontchat.org\/2122\/wp-json\/wp\/v2\/pages"}],"about":[{"href":"https:\/\/www.mjcmontchat.org\/2122\/wp-json\/wp\/v2\/types\/page"}],"author":[{"embeddable":true,"href":"https:\/\/www.mjcmontchat.org\/2122\/wp-json\/wp\/v2\/users\/8"}],"replies":[{"embeddable":true,"href":"https:\/\/www.mjcmontchat.org\/2122\/wp-json\/wp\/v2\/comments?post=5184"}],"version-history":[{"count":43,"href":"https:\/\/www.mjcmontchat.org\/2122\/wp-json\/wp\/v2\/pages\/5184\/revisions"}],"predecessor-version":[{"id":5456,"href":"https:\/\/www.mjcmontchat.org\/2122\/wp-json\/wp\/v2\/pages\/5184\/revisions\/5456"}],"wp:attachment":[{"href":"https:\/\/www.mjcmontchat.org\/2122\/wp-json\/wp\/v2\/media?parent=5184"}],"curies":[{"name":"wp","href":"https:\/\/api.w.org\/{rel}","templated":true}]}}

Animations et événements

<div data-elementor-type="wp-page" data-elementor-id="5184" data-post-id="5184" data-obj-id="5184" class="elementor elementor-5184 dce-elementor-post-5184">
						<div class="elementor-inner">
				<div class="elementor-section-wrap">
									<section data-dce-background-color="#FFFFFF" class="elementor-section elementor-top-section elementor-element elementor-element-34569cf elementor-section-boxed elementor-section-height-default elementor-section-height-default" data-id="34569cf" data-element_type="section" data-settings="{&quot;background_background&quot;:&quot;classic&quot;}">
						<div class="elementor-container elementor-column-gap-default">
							<div class="elementor-row">
					<div class="elementor-column elementor-col-100 elementor-top-column elementor-element elementor-element-57fdeae" data-id="57fdeae" data-element_type="column">
			<div class="elementor-column-wrap elementor-element-populated">
							<div class="elementor-widget-wrap">
						<div class="elementor-element elementor-element-a6cddba elementor-widget elementor-widget-text-editor" data-id="a6cddba" data-element_type="widget" data-widget_type="text-editor.default">
				<div class="elementor-widget-container">
								<div class="elementor-text-editor elementor-clearfix">
				<h1>Animations et événements</h1>					</div>
						</div>
				</div>
				<section class="elementor-section elementor-inner-section elementor-element elementor-element-c25321b elementor-section-boxed elementor-section-height-default elementor-section-height-default" data-id="c25321b" data-element_type="section">
						<div class="elementor-container elementor-column-gap-default">
							<div class="elementor-row">
					<div class="elementor-column elementor-col-50 elementor-inner-column elementor-element elementor-element-003cd0e" data-id="003cd0e" data-element_type="column">
			<div class="elementor-column-wrap elementor-element-populated">
							<div class="elementor-widget-wrap">
						<div class="elementor-element elementor-element-5605cba elementor-widget elementor-widget-text-editor" data-id="5605cba" data-element_type="widget" data-widget_type="text-editor.default">
				<div class="elementor-widget-container">
								<div class="elementor-text-editor elementor-clearfix">
				<p><b>L’Entre-Deux<br /></b>La salle polyvalente de la MJC, aussi appelée L’Entre-Deux, est un espace de convivialité ouvert à tous·tes, tout au long de la semaine. Pour attendre quelqu’un ou une activité, discuter avec des ami·es ou membres de son groupe d’activité, lire un magazine (à disposition), voir une expo d’un·e artiste local·e (p.6), boire une boisson chaude ou fraiche ou même travailler (wi-fi public gratuit).</p><p><strong>Les After du Jeudi (19h-23h) &#8211; Gratuit<br />16 oct. / 13 nov. / 18 déc. / 22 jan. / 26 fév. / 19 mars / 28 mai / 18 juin 26</strong></p><p>Un jeudi par mois, la Maison ouvre ses portes aux habitant·es du quartier, qu’ils soient adhérent·es ou non. Des animations conviviales vous attendent lors de ces soirées  gratuites : karaoké, blind-test, quizz, tournoi de jeux-vidéos, bal ou encore scènes ouvertes se croiseront avec diverses expositions (Halloween et Pop Culture). Chaque soirée sera complétée par une proposition de jeux.</p><p><strong>Prochaine date : Jeudi 22 janvier :  <span class="a_GcMg font-feature-liga-off font-feature-clig-off font-feature-calt-off text-decoration-none text-strikethrough-none">jeux vidéos et tournoi de Tricky Towers</span></strong></p><p> • 19h-23h • À la MJC</p><p class="cvGsUA direction-ltr align-start para-style-body"><span class="a_GcMg font-feature-liga-off font-feature-clig-off font-feature-calt-off text-decoration-none text-strikethrough-none"><strong>De 20h à 21h30 :</strong> Tournoi Tricky towers</span></p><p class="cvGsUA direction-ltr align-start para-style-body"><span class="a_GcMg font-feature-liga-off font-feature-clig-off font-feature-calt-off text-decoration-none text-strikethrough-none"><strong>Toute la soirée</strong>, du jeu vidéo à gogo, en accès libre, avec plusieurs consoles de différentes époques, une grande diversité de jeux, à essayer seul.e ou à plusieurs… Il y en aura pour tous les goûts ! </span>Jeux de société en libre accès et bar associatif ouvert </p><p><em>Les &#8211; de 16 ans doivent être accompagnés</em></p><p><strong>Soirées jeux à l’Entre-Deux &#8211; Gratuit</strong><br /><strong>04 septembre / 02 octobre / 06 novembre / 04 décembre / 08 janvier / 05 février / 05 mars / 02 avril / 07 mai / 04 juin / 02 juillet</strong></p><p>Le jeu s’invite les 1ers jeudis de chaque mois de 19h à 23h (sauf exception) à L’Entre-Deux pour vous permettre de découvrir nos belles sélections de jeux. <br />Pour connaitre les jeux mis en avant sur chaque soirée, suivez-nous sur Instagram !<br /><em>Les mineurs de moins de 16 ans doivent être accompagné·es</em></p><p><em> </em></p>					</div>
						</div>
				</div>
						</div>
					</div>
		</div>
				<div class="elementor-column elementor-col-50 elementor-inner-column elementor-element elementor-element-db6ff55" data-id="db6ff55" data-element_type="column">
			<div class="elementor-column-wrap elementor-element-populated">
							<div class="elementor-widget-wrap">
						<div class="elementor-element elementor-element-ae9e7d8 elementor-widget elementor-widget-text-editor" data-id="ae9e7d8" data-element_type="widget" data-widget_type="text-editor.default">
				<div class="elementor-widget-container">
								<div class="elementor-text-editor elementor-clearfix">
				<p><strong>Gratiferia écologique et solidaire</strong><br /><strong>Mercredi 10 décembre – De 10h à 12h &amp; de 14h30 à 18h</strong><br />Créer, réparer, s’amuser, réutiliser, découvrir, échanger… Venez réinventer les fêtes en famille !</p><p>· À échanger en bon état : jeux &amp; jouets – déco – matériel de cuisine<br />Vous souhaitez donner quelque chose qui n’est pas dans la liste ? Tournez vous vers <a href="https://docs.google.com/spreadsheets/d/1K4qMSDn80TtYegyKBpD_fYT7ugDAuNOz4VailbWvYHU/edit?gid=0#gid=0">ces associations</a></p><p>· Deux ateliers création gratuits : décorations de fêtes et cadeaux faits main</p><p>· Collecte solidaire au profit d’Alynea Samu social 69 : matériel de puériculture – produits d’hygiène et cosmétiques. <a href="https://www.mjcmontchat.org/2122/wp-content/uploads/2025/11/fiche-Alynea.pdf">en savoir +</a></p><p> </p><p><strong>Le Printemps du jeu </strong><br /><strong>Samedi 25 avril 2026 </strong><br />Pendant ce festival, toute la MJC devient un terrain de jeu pour tous les âges !</p><p><strong>Le Festival de la MJC</strong><br /><strong>Du 8 au 20 juin 2026</strong><br />Le festival sera l’occasion de mettre en valeur ce qui aura été fait durant la saison par les adhérent·es : des activités (spectacles, expos, démos), des accueils de loisirs peri et extra-scolaires, des ateliers jeunesse, etc&#8230;<br />Une grande fête clôturera la saison pour se retrouver tous ensemble !</p>					</div>
						</div>
				</div>
						</div>
					</div>
		</div>
								</div>
					</div>
		</section>
						</div>
					</div>
		</div>
								</div>
					</div>
		</section>
									</div>
			</div>
					</div>

<p>Animations et événements L’Entre-DeuxLa salle polyvalente de la MJC, aussi appelée L’Entre-Deux, est un espace de convivialité ouvert à tous·tes, tout au long de la semaine. Pour attendre quelqu’un ou une activité, discuter avec des ami·es ou membres de son groupe d’activité, lire un magazine (à disposition), voir une expo d’un·e artiste local·e (p.6), boire [&hellip;]</p>
