{"id":5297,"date":"2025-10-22T11:56:10","date_gmt":"2025-10-22T09:56:10","guid":{"rendered":"https:\/\/www.mjcmontchat.org\/2122\/?page_id=5297"},"modified":"2026-08-19T09:43:50","modified_gmt":"2026-08-19T07:43:50","slug":"ecologie-et-solidarite","status":"publish","type":"page","link":"https:\/\/www.mjcmontchat.org\/2122\/ecologie-et-solidarite\/","title":{"rendered":"\u00c9cologie et solidarit\u00e9"},"content":{"rendered":"\t\t<div data-elementor-type=\"wp-page\" data-elementor-id=\"5297\" data-post-id=\"5297\" data-obj-id=\"5297\" class=\"elementor elementor-5297 dce-elementor-post-5297\">\n\t\t\t\t\t\t<div class=\"elementor-inner\">\n\t\t\t\t<div class=\"elementor-section-wrap\">\n\t\t\t\t\t\t\t\t\t<section data-dce-background-color=\"#FFFFFF\" class=\"elementor-section elementor-top-section elementor-element elementor-element-34569cf elementor-section-boxed elementor-section-height-default elementor-section-height-default\" data-id=\"34569cf\" data-element_type=\"section\" data-settings=\"{&quot;background_background&quot;:&quot;classic&quot;}\">\n\t\t\t\t\t\t<div class=\"elementor-container elementor-column-gap-default\">\n\t\t\t\t\t\t\t<div class=\"elementor-row\">\n\t\t\t\t\t<div class=\"elementor-column elementor-col-100 elementor-top-column elementor-element elementor-element-57fdeae\" data-id=\"57fdeae\" data-element_type=\"column\">\n\t\t\t<div class=\"elementor-column-wrap elementor-element-populated\">\n\t\t\t\t\t\t\t<div class=\"elementor-widget-wrap\">\n\t\t\t\t\t\t<div class=\"elementor-element elementor-element-dcab572 elementor-widget elementor-widget-text-editor\" data-id=\"dcab572\" data-element_type=\"widget\" data-widget_type=\"text-editor.default\">\n\t\t\t\t<div class=\"elementor-widget-container\">\n\t\t\t\t\t\t\t\t<div class=\"elementor-text-editor elementor-clearfix\">\n\t\t\t\t<h1>Une MJC \u00e9cologique et solidaire<\/h1>\t\t\t\t\t<\/div>\n\t\t\t\t\t\t<\/div>\n\t\t\t\t<\/div>\n\t\t\t\t<div class=\"elementor-element elementor-element-a8376b3 elementor-widget elementor-widget-text-editor\" data-id=\"a8376b3\" data-element_type=\"widget\" data-widget_type=\"text-editor.default\">\n\t\t\t\t<div class=\"elementor-widget-container\">\n\t\t\t\t\t\t\t\t<div class=\"elementor-text-editor elementor-clearfix\">\n\t\t\t\t<p>Suivant notre projet associatif, la MJC s\u2019engage pour :<br \/>\u2022 Permettre l\u2019engagement de chacun\u00b7e, individuellement et collectivement, vers une transition \u00e9cologique et solidaire, pour construire ensemble un avenir durable <br \/>\u2022 Tendre vers l\u2019exemplarit\u00e9 sociale et environnementale dans le fonctionnement de la MJC.<\/p>\t\t\t\t\t<\/div>\n\t\t\t\t\t\t<\/div>\n\t\t\t\t<\/div>\n\t\t\t\t<section class=\"elementor-section elementor-inner-section elementor-element elementor-element-c25321b elementor-section-boxed elementor-section-height-default elementor-section-height-default\" data-id=\"c25321b\" data-element_type=\"section\">\n\t\t\t\t\t\t<div class=\"elementor-container elementor-column-gap-default\">\n\t\t\t\t\t\t\t<div class=\"elementor-row\">\n\t\t\t\t\t<div class=\"elementor-column elementor-col-50 elementor-inner-column elementor-element elementor-element-003cd0e\" data-id=\"003cd0e\" data-element_type=\"column\">\n\t\t\t<div class=\"elementor-column-wrap elementor-element-populated\">\n\t\t\t\t\t\t\t<div class=\"elementor-widget-wrap\">\n\t\t\t\t\t\t<div class=\"elementor-element elementor-element-5605cba elementor-widget elementor-widget-text-editor\" data-id=\"5605cba\" data-element_type=\"widget\" data-widget_type=\"text-editor.default\">\n\t\t\t\t<div class=\"elementor-widget-container\">\n\t\t\t\t\t\t\t\t<div class=\"elementor-text-editor elementor-clearfix\">\n\t\t\t\t<p><strong>Pourquoi<\/strong> <strong>?<\/strong><br \/>Parce que l\u2019\u00e9cologie c\u2019est notre vie quotidienne : nos achats, notre alimentation et notre sant\u00e9, l\u2019utilisation de l\u2019\u00e9nergie, la qualit\u00e9 de l\u2019eau et de l\u2019air, nos d\u00e9placements\u2026 et surtout notre lien \u00e0 la nature dont nous faisons partie et d\u00e9pendons.<\/p><p><strong>Comment ?<\/strong> <br \/>En faisant ensemble des d\u00e9couvertes, des exp\u00e9riences, pour changer nos vies pas \u00e0 pas.<\/p>\t\t\t\t\t<\/div>\n\t\t\t\t\t\t<\/div>\n\t\t\t\t<\/div>\n\t\t\t\t\t\t<\/div>\n\t\t\t\t\t<\/div>\n\t\t<\/div>\n\t\t\t\t<div class=\"elementor-column elementor-col-50 elementor-inner-column elementor-element elementor-element-db6ff55\" data-id=\"db6ff55\" data-element_type=\"column\">\n\t\t\t<div class=\"elementor-column-wrap elementor-element-populated\">\n\t\t\t\t\t\t\t<div class=\"elementor-widget-wrap\">\n\t\t\t\t\t\t<div class=\"elementor-element elementor-element-ae9e7d8 elementor-widget elementor-widget-text-editor\" data-id=\"ae9e7d8\" data-element_type=\"widget\" data-widget_type=\"text-editor.default\">\n\t\t\t\t<div class=\"elementor-widget-container\">\n\t\t\t\t\t\t\t\t<div class=\"elementor-text-editor elementor-clearfix\">\n\t\t\t\t<p><strong>Participer<\/strong> <strong>!<\/strong><br \/>Parce que l\u2019\u00e9cologie c\u2019est aussi renforcer le regard et l\u2019analyse critique citoyenne, les adh\u00e9rent\u00b7es sont invit\u00e9\u00b7es \u00e0 participer \u00e0 des temps d\u2019\u00e9change collectif sur diff\u00e9rents sujets et nos possibilit\u00e9s d\u2019actions personnelles et collectives\u2026 <br \/><strong>Int\u00e9ress\u00e9\u00b7es ? Contactez-nous \u00e0 : ecologie@mjcmontchat.org<\/strong><\/p>\t\t\t\t\t<\/div>\n\t\t\t\t\t\t<\/div>\n\t\t\t\t<\/div>\n\t\t\t\t\t\t<\/div>\n\t\t\t\t\t<\/div>\n\t\t<\/div>\n\t\t\t\t\t\t\t\t<\/div>\n\t\t\t\t\t<\/div>\n\t\t<\/section>\n\t\t\t\t<section class=\"elementor-section elementor-inner-section elementor-element elementor-element-4c348a0 elementor-section-boxed elementor-section-height-default elementor-section-height-default\" data-id=\"4c348a0\" data-element_type=\"section\">\n\t\t\t\t\t\t<div class=\"elementor-container elementor-column-gap-default\">\n\t\t\t\t\t\t\t<div class=\"elementor-row\">\n\t\t\t\t\t<div class=\"elementor-column elementor-col-50 elementor-inner-column elementor-element elementor-element-9f09e4b\" data-id=\"9f09e4b\" data-element_type=\"column\">\n\t\t\t<div class=\"elementor-column-wrap elementor-element-populated\">\n\t\t\t\t\t\t\t<div class=\"elementor-widget-wrap\">\n\t\t\t\t\t\t<div class=\"elementor-element elementor-element-497f459 elementor-widget elementor-widget-text-editor\" data-id=\"497f459\" data-element_type=\"widget\" data-widget_type=\"text-editor.default\">\n\t\t\t\t<div class=\"elementor-widget-container\">\n\t\t\t\t\t\t\t\t<div class=\"elementor-text-editor elementor-clearfix\">\n\t\t\t\t<h5><strong>Th\u00e9matiques de la saison 26-27<\/strong><\/h5><p><strong>\u2022 Consommation<\/strong> <br \/><em>Septembre &#8211; novembre<\/em><br \/>Comment favoriser une alimentation locale en r\u00e9duisant les d\u00e9chets et la surconsommation ?<br \/><strong>Propositions :<\/strong><br \/>&#8211; Jeu du \u201cConsoquizz\u201d<br \/>&#8211; Guide \u00e9co-conso \u00e0 retrouver \u00e0 l\u2019accueil de la MJC<\/p><p><strong>\u2022 \u00c9nergie<\/strong> <br \/><em>D\u00e9cembre &#8211; f\u00e9vrier<\/em><br \/>Pourquoi l\u2019usage de l\u2019\u00e9nergie est un enjeu majeur, individuel et collectif ?<br \/><strong>Propositions :<\/strong><br \/>&#8211; Echanges sur les enjeux du num\u00e9rique <br \/>&#8211; Atelier d\u00e9couverte de la low-tech<\/p>\t\t\t\t\t<\/div>\n\t\t\t\t\t\t<\/div>\n\t\t\t\t<\/div>\n\t\t\t\t\t\t<\/div>\n\t\t\t\t\t<\/div>\n\t\t<\/div>\n\t\t\t\t<div class=\"elementor-column elementor-col-50 elementor-inner-column elementor-element elementor-element-3dd02e5\" data-id=\"3dd02e5\" data-element_type=\"column\">\n\t\t\t<div class=\"elementor-column-wrap elementor-element-populated\">\n\t\t\t\t\t\t\t<div class=\"elementor-widget-wrap\">\n\t\t\t\t\t\t<div class=\"elementor-element elementor-element-2d2aba2 elementor-widget elementor-widget-text-editor\" data-id=\"2d2aba2\" data-element_type=\"widget\" data-widget_type=\"text-editor.default\">\n\t\t\t\t<div class=\"elementor-widget-container\">\n\t\t\t\t\t\t\t\t<div class=\"elementor-text-editor elementor-clearfix\">\n\t\t\t\t<p><strong>\u2022 Biodiversit\u00e9<\/strong> <br \/><em>Mars &#8211; mai<\/em><br \/>Et si nous nous reconnections \u00e0 la nature avec les autres vivants : humains, animaux, insectes, plantes&#8230; ?<br \/><strong>Propositions :<\/strong><br \/>&#8211; Exploration et entretien du jardin<br \/>&#8211; Sorties d\u00e9couverte de nature inspirante<\/p><p><strong>\u2022 Mobilit\u00e9<\/strong> <br \/><em>Juin &#8211; ao\u00fbt<\/em><br \/>Nos modes de vie nous conduisent \u00e0 nous d\u00e9placer toujours plus. Quels impacts ?<br \/>Propositions :<br \/>&#8211; Exp\u00e9rimenter les solutions alternatives en mobilit\u00e9 douce<br \/>&#8211; Echanges sur les enjeux du transport<\/p>\t\t\t\t\t<\/div>\n\t\t\t\t\t\t<\/div>\n\t\t\t\t<\/div>\n\t\t\t\t\t\t<\/div>\n\t\t\t\t\t<\/div>\n\t\t<\/div>\n\t\t\t\t\t\t\t\t<\/div>\n\t\t\t\t\t<\/div>\n\t\t<\/section>\n\t\t\t\t\t\t<\/div>\n\t\t\t\t\t<\/div>\n\t\t<\/div>\n\t\t\t\t\t\t\t\t<\/div>\n\t\t\t\t\t<\/div>\n\t\t<\/section>\n\t\t\t\t\t\t\t\t\t<\/div>\n\t\t\t<\/div>\n\t\t\t\t\t<\/div>\n\t\t","protected":false},"excerpt":{"rendered":"<p>Une MJC \u00e9cologique et solidaire Suivant notre projet associatif, la MJC s\u2019engage pour :\u2022 Permettre l\u2019engagement de chacun\u00b7e, individuellement et collectivement, vers une transition \u00e9cologique et solidaire, pour construire ensemble un avenir durable \u2022 Tendre vers l\u2019exemplarit\u00e9 sociale et environnementale dans le fonctionnement de la MJC. Pourquoi ?Parce que l\u2019\u00e9cologie c\u2019est notre vie quotidienne : [&hellip;]<\/p>\n","protected":false},"author":8,"featured_media":0,"parent":0,"menu_order":0,"comment_status":"closed","ping_status":"closed","template":"elementor_theme","meta":{"footnotes":""},"class_list":["post-5297","page","type-page","status-publish","hentry"],"acf":[],"_links":{"self":[{"href":"https:\/\/www.mjcmontchat.org\/2122\/wp-json\/wp\/v2\/pages\/5297","targetHints":{"allow":["GET"]}}],"collection":[{"href":"https:\/\/www.mjcmontchat.org\/2122\/wp-json\/wp\/v2\/pages"}],"about":[{"href":"https:\/\/www.mjcmontchat.org\/2122\/wp-json\/wp\/v2\/types\/page"}],"author":[{"embeddable":true,"href":"https:\/\/www.mjcmontchat.org\/2122\/wp-json\/wp\/v2\/users\/8"}],"replies":[{"embeddable":true,"href":"https:\/\/www.mjcmontchat.org\/2122\/wp-json\/wp\/v2\/comments?post=5297"}],"version-history":[{"count":34,"href":"https:\/\/www.mjcmontchat.org\/2122\/wp-json\/wp\/v2\/pages\/5297\/revisions"}],"predecessor-version":[{"id":5933,"href":"https:\/\/www.mjcmontchat.org\/2122\/wp-json\/wp\/v2\/pages\/5297\/revisions\/5933"}],"wp:attachment":[{"href":"https:\/\/www.mjcmontchat.org\/2122\/wp-json\/wp\/v2\/media?parent=5297"}],"curies":[{"name":"wp","href":"https:\/\/api.w.org\/{rel}","templated":true}]}}

Écologie et solidarité

<div data-elementor-type="wp-page" data-elementor-id="5297" data-post-id="5297" data-obj-id="5297" class="elementor elementor-5297 dce-elementor-post-5297">
						<div class="elementor-inner">
				<div class="elementor-section-wrap">
									<section data-dce-background-color="#FFFFFF" class="elementor-section elementor-top-section elementor-element elementor-element-34569cf elementor-section-boxed elementor-section-height-default elementor-section-height-default" data-id="34569cf" data-element_type="section" data-settings="{&quot;background_background&quot;:&quot;classic&quot;}">
						<div class="elementor-container elementor-column-gap-default">
							<div class="elementor-row">
					<div class="elementor-column elementor-col-100 elementor-top-column elementor-element elementor-element-57fdeae" data-id="57fdeae" data-element_type="column">
			<div class="elementor-column-wrap elementor-element-populated">
							<div class="elementor-widget-wrap">
						<div class="elementor-element elementor-element-dcab572 elementor-widget elementor-widget-text-editor" data-id="dcab572" data-element_type="widget" data-widget_type="text-editor.default">
				<div class="elementor-widget-container">
								<div class="elementor-text-editor elementor-clearfix">
				<h1>Une MJC écologique et solidaire</h1>					</div>
						</div>
				</div>
				<div class="elementor-element elementor-element-a8376b3 elementor-widget elementor-widget-text-editor" data-id="a8376b3" data-element_type="widget" data-widget_type="text-editor.default">
				<div class="elementor-widget-container">
								<div class="elementor-text-editor elementor-clearfix">
				<p>Suivant notre projet associatif, la MJC s’engage pour :<br />• Permettre l’engagement de chacun·e, individuellement et collectivement, vers une transition écologique et solidaire, pour construire ensemble un avenir durable <br />• Tendre vers l’exemplarité sociale et environnementale dans le fonctionnement de la MJC.</p>					</div>
						</div>
				</div>
				<section class="elementor-section elementor-inner-section elementor-element elementor-element-c25321b elementor-section-boxed elementor-section-height-default elementor-section-height-default" data-id="c25321b" data-element_type="section">
						<div class="elementor-container elementor-column-gap-default">
							<div class="elementor-row">
					<div class="elementor-column elementor-col-50 elementor-inner-column elementor-element elementor-element-003cd0e" data-id="003cd0e" data-element_type="column">
			<div class="elementor-column-wrap elementor-element-populated">
							<div class="elementor-widget-wrap">
						<div class="elementor-element elementor-element-5605cba elementor-widget elementor-widget-text-editor" data-id="5605cba" data-element_type="widget" data-widget_type="text-editor.default">
				<div class="elementor-widget-container">
								<div class="elementor-text-editor elementor-clearfix">
				<p><strong>Pourquoi</strong> <strong>?</strong><br />Parce que l’écologie c’est notre vie quotidienne : nos achats, notre alimentation et notre santé, l’utilisation de l’énergie, la qualité de l’eau et de l’air, nos déplacements… et surtout notre lien à la nature dont nous faisons partie et dépendons.</p><p><strong>Comment ?</strong> <br />En faisant ensemble des découvertes, des expériences, pour changer nos vies pas à pas.</p>					</div>
						</div>
				</div>
						</div>
					</div>
		</div>
				<div class="elementor-column elementor-col-50 elementor-inner-column elementor-element elementor-element-db6ff55" data-id="db6ff55" data-element_type="column">
			<div class="elementor-column-wrap elementor-element-populated">
							<div class="elementor-widget-wrap">
						<div class="elementor-element elementor-element-ae9e7d8 elementor-widget elementor-widget-text-editor" data-id="ae9e7d8" data-element_type="widget" data-widget_type="text-editor.default">
				<div class="elementor-widget-container">
								<div class="elementor-text-editor elementor-clearfix">
				<p><strong>Participer</strong> <strong>!</strong><br />Parce que l’écologie c’est aussi renforcer le regard et l’analyse critique citoyenne, les adhérent·es sont invité·es à participer à des temps d’échange collectif sur différents sujets et nos possibilités d’actions personnelles et collectives… <br /><strong>Intéressé·es ? Contactez-nous à : ecologie@mjcmontchat.org</strong></p>					</div>
						</div>
				</div>
						</div>
					</div>
		</div>
								</div>
					</div>
		</section>
				<section class="elementor-section elementor-inner-section elementor-element elementor-element-4c348a0 elementor-section-boxed elementor-section-height-default elementor-section-height-default" data-id="4c348a0" data-element_type="section">
						<div class="elementor-container elementor-column-gap-default">
							<div class="elementor-row">
					<div class="elementor-column elementor-col-50 elementor-inner-column elementor-element elementor-element-9f09e4b" data-id="9f09e4b" data-element_type="column">
			<div class="elementor-column-wrap elementor-element-populated">
							<div class="elementor-widget-wrap">
						<div class="elementor-element elementor-element-497f459 elementor-widget elementor-widget-text-editor" data-id="497f459" data-element_type="widget" data-widget_type="text-editor.default">
				<div class="elementor-widget-container">
								<div class="elementor-text-editor elementor-clearfix">
				<h5><strong>Thématiques de la saison 26-27</strong></h5><p><strong>• Consommation</strong> <br /><em>Septembre &#8211; novembre</em><br />Comment favoriser une alimentation locale en réduisant les déchets et la surconsommation ?<br /><strong>Propositions :</strong><br />&#8211; Jeu du “Consoquizz”<br />&#8211; Guide éco-conso à retrouver à l’accueil de la MJC</p><p><strong>• Énergie</strong> <br /><em>Décembre &#8211; février</em><br />Pourquoi l’usage de l’énergie est un enjeu majeur, individuel et collectif ?<br /><strong>Propositions :</strong><br />&#8211; Echanges sur les enjeux du numérique <br />&#8211; Atelier découverte de la low-tech</p>					</div>
						</div>
				</div>
						</div>
					</div>
		</div>
				<div class="elementor-column elementor-col-50 elementor-inner-column elementor-element elementor-element-3dd02e5" data-id="3dd02e5" data-element_type="column">
			<div class="elementor-column-wrap elementor-element-populated">
							<div class="elementor-widget-wrap">
						<div class="elementor-element elementor-element-2d2aba2 elementor-widget elementor-widget-text-editor" data-id="2d2aba2" data-element_type="widget" data-widget_type="text-editor.default">
				<div class="elementor-widget-container">
								<div class="elementor-text-editor elementor-clearfix">
				<p><strong>• Biodiversité</strong> <br /><em>Mars &#8211; mai</em><br />Et si nous nous reconnections à la nature avec les autres vivants : humains, animaux, insectes, plantes&#8230; ?<br /><strong>Propositions :</strong><br />&#8211; Exploration et entretien du jardin<br />&#8211; Sorties découverte de nature inspirante</p><p><strong>• Mobilité</strong> <br /><em>Juin &#8211; août</em><br />Nos modes de vie nous conduisent à nous déplacer toujours plus. Quels impacts ?<br />Propositions :<br />&#8211; Expérimenter les solutions alternatives en mobilité douce<br />&#8211; Echanges sur les enjeux du transport</p>					</div>
						</div>
				</div>
						</div>
					</div>
		</div>
								</div>
					</div>
		</section>
						</div>
					</div>
		</div>
								</div>
					</div>
		</section>
									</div>
			</div>
					</div>

<p>Une MJC écologique et solidaire Suivant notre projet associatif, la MJC s’engage pour :• Permettre l’engagement de chacun·e, individuellement et collectivement, vers une transition écologique et solidaire, pour construire ensemble un avenir durable • Tendre vers l’exemplarité sociale et environnementale dans le fonctionnement de la MJC. Pourquoi ?Parce que l’écologie c’est notre vie quotidienne : [&hellip;]</p>
